{"id":41,"date":"2024-01-03T15:28:59","date_gmt":"2024-01-03T15:28:59","guid":{"rendered":"https:\/\/www.blmovil.com\/testing-factory\/?page_id=41"},"modified":"2024-02-27T17:43:29","modified_gmt":"2024-02-27T17:43:29","slug":"testing-factory","status":"publish","type":"page","link":"https:\/\/www.blmovil.com\/testing-factory\/","title":{"rendered":"Testing Factory"},"content":{"rendered":"\n<div class=\"wp-block-uagb-container uagb-block-5c41ab6a alignfull uagb-is-root-container\">\n<div class=\"wp-block-uagb-container uagb-block-3367e4f3\">\n<figure class=\"wp-block-image aligncenter size-full is-resized\"><img loading=\"lazy\" decoding=\"async\" width=\"1024\" height=\"1024\" src=\"https:\/\/www.blmovil.com\/testing-factory\/wp-content\/uploads\/sites\/25\/2024\/01\/Testing-Factory.png\" alt=\"Testing Factory\" class=\"wp-image-43\" style=\"width:310px;height:auto\" srcset=\"https:\/\/www.blmovil.com\/testing-factory\/wp-content\/uploads\/sites\/25\/2024\/01\/Testing-Factory.png 1024w, https:\/\/www.blmovil.com\/testing-factory\/wp-content\/uploads\/sites\/25\/2024\/01\/Testing-Factory-300x300.png 300w, https:\/\/www.blmovil.com\/testing-factory\/wp-content\/uploads\/sites\/25\/2024\/01\/Testing-Factory-150x150.png 150w, https:\/\/www.blmovil.com\/testing-factory\/wp-content\/uploads\/sites\/25\/2024\/01\/Testing-Factory-768x768.png 768w, https:\/\/www.blmovil.com\/testing-factory\/wp-content\/uploads\/sites\/25\/2024\/01\/Testing-Factory-100x100.png 100w, https:\/\/www.blmovil.com\/testing-factory\/wp-content\/uploads\/sites\/25\/2024\/01\/Testing-Factory-500x500.png 500w, https:\/\/www.blmovil.com\/testing-factory\/wp-content\/uploads\/sites\/25\/2024\/01\/Testing-Factory-800x800.png 800w, https:\/\/www.blmovil.com\/testing-factory\/wp-content\/uploads\/sites\/25\/2024\/01\/Testing-Factory-600x600.png 600w\" sizes=\"auto, (max-width: 1024px) 100vw, 1024px\" \/><\/figure>\n<\/div>\n\n\n\n<div data-aos= \"fade\" data-aos-duration=\"400\" data-aos-delay=\"0\" data-aos-easing=\"ease\" data-aos-once=\"true\" class=\"wp-block-uagb-container uagb-block-21e53c10\">\n<h2 class=\"wp-block-heading has-text-align-center has-ast-global-color-4-color has-text-color has-link-color wp-elements-a3e437d62d3f2f8d0a2d805cb2d76ea0\">Testing Factory<\/h2>\n\n\n<style>.gb-69f5bed644f41{font-size: 20px;}@media only screen and (max-width: 1200px) {.gb-69f5bed644f41{font-size: 20px!important;}}<\/style>\n<p class=\"gb-69f5bed644f41 has-text-align-center has-ast-global-color-4-color has-text-color has-link-color has-medium-font-size wp-elements-c814ee758b9b33ad1f9c18ede8cebcfb\">Nuestra Testing Factory ofrece servicios de calidad l\u00edderes en la industria para garantizar que sus aplicaciones y sistemas funcionen sin problemas, reduciendo los errores y optimizando el rendimiento.<\/p>\n<\/div>\n<\/div>\n\n\n\n<div style=\"height:30px\" aria-hidden=\"true\" class=\"wp-block-spacer\"><\/div>\n\n\n\n<h2 class=\"wp-block-heading has-text-align-center\">Aseguramos la calidad de su software<\/h2>\n\n\n\n<hr class=\"wp-block-separator has-alpha-channel-opacity\"\/>\n\n\n\n<p class=\"has-text-align-center has-medium-font-size\">&nbsp;Con nuestra Testing Factory, puede estar seguro de que su aplicaci\u00f3n o sistema funcionar\u00e1 de manera confiable y cumplir\u00e1 con las expectativas m\u00e1s altas de calidad.&nbsp;<\/p>\n\n\n\n<div class=\"wp-block-uagb-container uagb-block-2a8efb42 alignfull uagb-is-root-container\"><div class=\"uagb-container-inner-blocks-wrap\">\n<div class=\"wp-block-uagb-container uagb-block-3099fee0\">\n<figure class=\"wp-block-image aligncenter size-full is-resized\"><img loading=\"lazy\" decoding=\"async\" width=\"1024\" height=\"1024\" src=\"https:\/\/www.blmovil.com\/testing-factory\/wp-content\/uploads\/sites\/25\/2024\/01\/Operacion-de-calidad.png\" alt=\"\" class=\"wp-image-48\" style=\"width:165px\" srcset=\"https:\/\/www.blmovil.com\/testing-factory\/wp-content\/uploads\/sites\/25\/2024\/01\/Operacion-de-calidad.png 1024w, https:\/\/www.blmovil.com\/testing-factory\/wp-content\/uploads\/sites\/25\/2024\/01\/Operacion-de-calidad-300x300.png 300w, https:\/\/www.blmovil.com\/testing-factory\/wp-content\/uploads\/sites\/25\/2024\/01\/Operacion-de-calidad-150x150.png 150w, https:\/\/www.blmovil.com\/testing-factory\/wp-content\/uploads\/sites\/25\/2024\/01\/Operacion-de-calidad-768x768.png 768w, https:\/\/www.blmovil.com\/testing-factory\/wp-content\/uploads\/sites\/25\/2024\/01\/Operacion-de-calidad-100x100.png 100w, https:\/\/www.blmovil.com\/testing-factory\/wp-content\/uploads\/sites\/25\/2024\/01\/Operacion-de-calidad-500x500.png 500w, https:\/\/www.blmovil.com\/testing-factory\/wp-content\/uploads\/sites\/25\/2024\/01\/Operacion-de-calidad-800x800.png 800w, https:\/\/www.blmovil.com\/testing-factory\/wp-content\/uploads\/sites\/25\/2024\/01\/Operacion-de-calidad-600x600.png 600w\" sizes=\"auto, (max-width: 1024px) 100vw, 1024px\" \/><\/figure>\n\n\n\n<h3 class=\"wp-block-heading has-text-align-center\">Servicios de Operaci\u00f3n<\/h3>\n\n\n\n<p class=\"has-text-align-justify\">Los servicios de operaci\u00f3n de la testing factory de BLMovil est\u00e1n destinados a garantizar que las actividades de prueba se realicen de manera organizada, eficiente y orientada a la calidad, contribuyendo as\u00ed al \u00e9xito del proyecto de desarrollo de software.<\/p>\n\n\n\n<div class=\"wp-block-buttons is-content-justification-center is-layout-flex wp-container-core-buttons-is-layout-a89b3969 wp-block-buttons-is-layout-flex\">\n<div class=\"wp-block-button\"><a class=\"wp-block-button__link has-text-align-center wp-element-button\">Ver m\u00e1s<\/a><\/div>\n<\/div>\n<\/div>\n\n\n\n<div class=\"wp-block-uagb-container uagb-block-dc001a6a\">\n<figure class=\"wp-block-image aligncenter size-full is-resized\"><img loading=\"lazy\" decoding=\"async\" width=\"1024\" height=\"1024\" src=\"https:\/\/www.blmovil.com\/testing-factory\/wp-content\/uploads\/sites\/25\/2024\/01\/Consultoria-de-Calidad.png\" alt=\"\" class=\"wp-image-51\" style=\"width:165px\" srcset=\"https:\/\/www.blmovil.com\/testing-factory\/wp-content\/uploads\/sites\/25\/2024\/01\/Consultoria-de-Calidad.png 1024w, https:\/\/www.blmovil.com\/testing-factory\/wp-content\/uploads\/sites\/25\/2024\/01\/Consultoria-de-Calidad-300x300.png 300w, https:\/\/www.blmovil.com\/testing-factory\/wp-content\/uploads\/sites\/25\/2024\/01\/Consultoria-de-Calidad-150x150.png 150w, https:\/\/www.blmovil.com\/testing-factory\/wp-content\/uploads\/sites\/25\/2024\/01\/Consultoria-de-Calidad-768x768.png 768w, https:\/\/www.blmovil.com\/testing-factory\/wp-content\/uploads\/sites\/25\/2024\/01\/Consultoria-de-Calidad-100x100.png 100w, https:\/\/www.blmovil.com\/testing-factory\/wp-content\/uploads\/sites\/25\/2024\/01\/Consultoria-de-Calidad-500x500.png 500w, https:\/\/www.blmovil.com\/testing-factory\/wp-content\/uploads\/sites\/25\/2024\/01\/Consultoria-de-Calidad-800x800.png 800w, https:\/\/www.blmovil.com\/testing-factory\/wp-content\/uploads\/sites\/25\/2024\/01\/Consultoria-de-Calidad-600x600.png 600w\" sizes=\"auto, (max-width: 1024px) 100vw, 1024px\" \/><\/figure>\n\n\n\n<h3 class=\"wp-block-heading has-text-align-center\">Consultor\u00eda de Calidad<\/h3>\n\n\n\n<p>Los servicios de consultor\u00eda de calidad de la testing factory de BLMovil est\u00e1n destinados a mejorar los procesos, pr\u00e1cticas y est\u00e1ndares de calidad en las pruebas de software, con el fin de garantizar la entrega de productos de alta calidad que cumplan con las expectativas y necesidades del cliente.<\/p>\n\n\n\n<div class=\"wp-block-buttons is-content-justification-center is-layout-flex wp-container-core-buttons-is-layout-a89b3969 wp-block-buttons-is-layout-flex\">\n<div class=\"wp-block-button\"><a class=\"wp-block-button__link wp-element-button\">Ver m\u00e1s<\/a><\/div>\n<\/div>\n<\/div>\n\n\n\n<div class=\"wp-block-uagb-container uagb-block-a1270cfe\">\n<figure class=\"wp-block-image aligncenter size-full is-resized\"><img loading=\"lazy\" decoding=\"async\" width=\"1024\" height=\"1024\" src=\"https:\/\/www.blmovil.com\/testing-factory\/wp-content\/uploads\/sites\/25\/2024\/01\/Gobierno-de-calidad.png\" alt=\"\" class=\"wp-image-52\" style=\"width:165px\" srcset=\"https:\/\/www.blmovil.com\/testing-factory\/wp-content\/uploads\/sites\/25\/2024\/01\/Gobierno-de-calidad.png 1024w, https:\/\/www.blmovil.com\/testing-factory\/wp-content\/uploads\/sites\/25\/2024\/01\/Gobierno-de-calidad-300x300.png 300w, https:\/\/www.blmovil.com\/testing-factory\/wp-content\/uploads\/sites\/25\/2024\/01\/Gobierno-de-calidad-150x150.png 150w, https:\/\/www.blmovil.com\/testing-factory\/wp-content\/uploads\/sites\/25\/2024\/01\/Gobierno-de-calidad-768x768.png 768w, https:\/\/www.blmovil.com\/testing-factory\/wp-content\/uploads\/sites\/25\/2024\/01\/Gobierno-de-calidad-100x100.png 100w, https:\/\/www.blmovil.com\/testing-factory\/wp-content\/uploads\/sites\/25\/2024\/01\/Gobierno-de-calidad-500x500.png 500w, https:\/\/www.blmovil.com\/testing-factory\/wp-content\/uploads\/sites\/25\/2024\/01\/Gobierno-de-calidad-800x800.png 800w, https:\/\/www.blmovil.com\/testing-factory\/wp-content\/uploads\/sites\/25\/2024\/01\/Gobierno-de-calidad-600x600.png 600w\" sizes=\"auto, (max-width: 1024px) 100vw, 1024px\" \/><\/figure>\n\n\n\n<h3 class=\"wp-block-heading has-text-align-center\">Servicios de Gobierno<\/h3>\n\n\n\n<p>Los servicios de gobierno de la testing factory de BLMovil est\u00e1n destinados a establecer un marco de trabajo robusto y efectivo que asegure la calidad y consistencia en los procesos de prueba de software, promoviendo la eficiencia, transparencia y mejora continua en la entrega de productos de software de calidad.<\/p>\n\n\n\n<div class=\"wp-block-buttons is-content-justification-center is-layout-flex wp-container-core-buttons-is-layout-a89b3969 wp-block-buttons-is-layout-flex\">\n<div class=\"wp-block-button\"><a class=\"wp-block-button__link wp-element-button\">Ver m\u00e1s<\/a><\/div>\n<\/div>\n<\/div>\n<\/div><\/div>\n\n\n\n<div class=\"wp-block-uagb-container uagb-block-5a507cf3 alignfull uagb-is-root-container\"><div class=\"uagb-container-inner-blocks-wrap\">\n<div class=\"wp-block-uagb-container uagb-block-374b6598\"><\/div>\n\n\n\n<div class=\"wp-block-uagb-container uagb-block-bc14a62c\">\n<h2 class=\"wp-block-heading has-text-align-center has-ast-global-color-4-color has-text-color has-link-color wp-elements-58894e76ccf46cb9d2c9d6e406a48d6c\">Somos expertos en desarrollos de aplicaciones web, cliente\/servidor y m\u00f3viles<\/h2>\n\n\n\n<p class=\"has-text-align-center has-ast-global-color-4-color has-text-color has-link-color has-medium-font-size wp-elements-b7dc78305ca532dded4a3252191b2dac\">Desarrollamos su idea a medida tanto para entornos B2B y B2C, mediante aplicaciones web, cliente\/servidor y m\u00f3viles, integr\u00e1ndolas si es necesario con los sistemas corporativos.<\/p>\n\n\n\n<div class=\"wp-block-buttons is-content-justification-center is-layout-flex wp-container-core-buttons-is-layout-a89b3969 wp-block-buttons-is-layout-flex\">\n<div class=\"wp-block-button is-style-fill\"><a class=\"wp-block-button__link has-luminous-vivid-amber-background-color has-background wp-element-button\" href=\"https:\/\/www.blmovil.com\/software-factory\/tipos-de-proyectos\/\">VER TIPOS DE PROYECTOS<\/a><\/div>\n<\/div>\n<\/div>\n<\/div><\/div>\n","protected":false},"excerpt":{"rendered":"<p>Testing Factory Nuestra Testing Factory ofrece servicios de calidad l\u00edderes en la industria para garantizar que sus aplicaciones y sistemas funcionen sin problemas, reduciendo los errores y optimizando el rendimiento. Aseguramos la calidad de su software &nbsp;Con nuestra Testing Factory, puede estar seguro de que su aplicaci\u00f3n o sistema funcionar\u00e1 de manera confiable y cumplir\u00e1 [&hellip;]<\/p>\n","protected":false},"author":1,"featured_media":0,"parent":0,"menu_order":0,"comment_status":"closed","ping_status":"closed","template":"","meta":{"_acf_changed":false,"_uag_custom_page_level_css":"","_trash_the_other_posts":false,"_editorskit_title_hidden":true,"_editorskit_reading_time":0,"_editorskit_is_block_options_detached":false,"_editorskit_block_options_position":"{}","site-sidebar-layout":"default","site-content-layout":"","ast-site-content-layout":"default","site-content-style":"default","site-sidebar-style":"default","ast-global-header-display":"","ast-banner-title-visibility":"","ast-main-header-display":"","ast-hfb-above-header-display":"","ast-hfb-below-header-display":"","ast-hfb-mobile-header-display":"","site-post-title":"","ast-breadcrumbs-content":"","ast-featured-img":"","footer-sml-layout":"","ast-disable-related-posts":"","theme-transparent-header-meta":"","adv-header-id-meta":"","stick-header-meta":"","header-above-stick-meta":"","header-main-stick-meta":"","header-below-stick-meta":"","astra-migrate-meta-layouts":"default","ast-page-background-enabled":"default","ast-page-background-meta":{"desktop":{"background-color":"var(--ast-global-color-4)","background-image":"","background-repeat":"repeat","background-position":"center center","background-size":"auto","background-attachment":"scroll","background-type":"","background-media":"","overlay-type":"","overlay-color":"","overlay-opacity":"","overlay-gradient":""},"tablet":{"background-color":"","background-image":"","background-repeat":"repeat","background-position":"center center","background-size":"auto","background-attachment":"scroll","background-type":"","background-media":"","overlay-type":"","overlay-color":"","overlay-opacity":"","overlay-gradient":""},"mobile":{"background-color":"","background-image":"","background-repeat":"repeat","background-position":"center center","background-size":"auto","background-attachment":"scroll","background-type":"","background-media":"","overlay-type":"","overlay-color":"","overlay-opacity":"","overlay-gradient":""}},"ast-content-background-meta":{"desktop":{"background-color":"var(--ast-global-color-5)","background-image":"","background-repeat":"repeat","background-position":"center center","background-size":"auto","background-attachment":"scroll","background-type":"","background-media":"","overlay-type":"","overlay-color":"","overlay-opacity":"","overlay-gradient":""},"tablet":{"background-color":"var(--ast-global-color-5)","background-image":"","background-repeat":"repeat","background-position":"center center","background-size":"auto","background-attachment":"scroll","background-type":"","background-media":"","overlay-type":"","overlay-color":"","overlay-opacity":"","overlay-gradient":""},"mobile":{"background-color":"var(--ast-global-color-5)","background-image":"","background-repeat":"repeat","background-position":"center center","background-size":"auto","background-attachment":"scroll","background-type":"","background-media":"","overlay-type":"","overlay-color":"","overlay-opacity":"","overlay-gradient":""}},"episode_type":"","audio_file":"","podmotor_file_id":"","podmotor_episode_id":"","cover_image":"","cover_image_id":"","duration":"","filesize":"","filesize_raw":"","date_recorded":"","explicit":"","block":"","itunes_episode_number":"","itunes_title":"","itunes_season_number":"","itunes_episode_type":"","footnotes":""},"class_list":["post-41","page","type-page","status-publish","hentry"],"acf":[],"yoast_head":"<!-- This site is optimized with the Yoast SEO plugin v27.3 - https:\/\/yoast.com\/product\/yoast-seo-wordpress\/ -->\n<title>Testing Factory - Testing Factory<\/title>\n<meta name=\"robots\" content=\"index, follow, max-snippet:-1, max-image-preview:large, max-video-preview:-1\" \/>\n<link rel=\"canonical\" href=\"https:\/\/www.blmovil.com\/testing-factory\/\" \/>\n<meta property=\"og:locale\" content=\"es_MX\" \/>\n<meta property=\"og:type\" content=\"article\" \/>\n<meta property=\"og:title\" content=\"Testing Factory - Testing Factory\" \/>\n<meta property=\"og:description\" content=\"Testing Factory Nuestra Testing Factory ofrece servicios de calidad l\u00edderes en la industria para garantizar que sus aplicaciones y sistemas funcionen sin problemas, reduciendo los errores y optimizando el rendimiento. Aseguramos la calidad de su software &nbsp;Con nuestra Testing Factory, puede estar seguro de que su aplicaci\u00f3n o sistema funcionar\u00e1 de manera confiable y cumplir\u00e1 [&hellip;]\" \/>\n<meta property=\"og:url\" content=\"https:\/\/www.blmovil.com\/testing-factory\/\" \/>\n<meta property=\"og:site_name\" content=\"Testing Factory\" \/>\n<meta property=\"article:modified_time\" content=\"2024-02-27T17:43:29+00:00\" \/>\n<meta property=\"og:image\" content=\"https:\/\/www.blmovil.com\/testing-factory\/wp-content\/uploads\/sites\/25\/2024\/01\/Testing-Factory.png\" \/>\n<meta name=\"twitter:card\" content=\"summary_large_image\" \/>\n<meta name=\"twitter:label1\" content=\"Tiempo de lectura\" \/>\n\t<meta name=\"twitter:data1\" content=\"3 minutos\" \/>\n<script type=\"application\/ld+json\" class=\"yoast-schema-graph\">{\"@context\":\"https:\\\/\\\/schema.org\",\"@graph\":[{\"@type\":\"WebPage\",\"@id\":\"https:\\\/\\\/www.blmovil.com\\\/testing-factory\\\/\",\"url\":\"https:\\\/\\\/www.blmovil.com\\\/testing-factory\\\/\",\"name\":\"Testing Factory - Testing Factory\",\"isPartOf\":{\"@id\":\"https:\\\/\\\/www.blmovil.com\\\/testing-factory\\\/#website\"},\"primaryImageOfPage\":{\"@id\":\"https:\\\/\\\/www.blmovil.com\\\/testing-factory\\\/#primaryimage\"},\"image\":{\"@id\":\"https:\\\/\\\/www.blmovil.com\\\/testing-factory\\\/#primaryimage\"},\"thumbnailUrl\":\"https:\\\/\\\/www.blmovil.com\\\/testing-factory\\\/wp-content\\\/uploads\\\/sites\\\/25\\\/2024\\\/01\\\/Testing-Factory.png\",\"datePublished\":\"2024-01-03T15:28:59+00:00\",\"dateModified\":\"2024-02-27T17:43:29+00:00\",\"breadcrumb\":{\"@id\":\"https:\\\/\\\/www.blmovil.com\\\/testing-factory\\\/#breadcrumb\"},\"inLanguage\":\"es\",\"potentialAction\":[{\"@type\":\"ReadAction\",\"target\":[\"https:\\\/\\\/www.blmovil.com\\\/testing-factory\\\/\"]}]},{\"@type\":\"ImageObject\",\"inLanguage\":\"es\",\"@id\":\"https:\\\/\\\/www.blmovil.com\\\/testing-factory\\\/#primaryimage\",\"url\":\"https:\\\/\\\/www.blmovil.com\\\/testing-factory\\\/wp-content\\\/uploads\\\/sites\\\/25\\\/2024\\\/01\\\/Testing-Factory.png\",\"contentUrl\":\"https:\\\/\\\/www.blmovil.com\\\/testing-factory\\\/wp-content\\\/uploads\\\/sites\\\/25\\\/2024\\\/01\\\/Testing-Factory.png\",\"width\":1024,\"height\":1024,\"caption\":\"Testing Factory\"},{\"@type\":\"BreadcrumbList\",\"@id\":\"https:\\\/\\\/www.blmovil.com\\\/testing-factory\\\/#breadcrumb\",\"itemListElement\":[{\"@type\":\"ListItem\",\"position\":1,\"name\":\"Inicio\",\"item\":\"https:\\\/\\\/www.blmovil.com\\\/testing-factory\\\/\"},{\"@type\":\"ListItem\",\"position\":2,\"name\":\"Testing Factory\"}]},{\"@type\":\"WebSite\",\"@id\":\"https:\\\/\\\/www.blmovil.com\\\/testing-factory\\\/#website\",\"url\":\"https:\\\/\\\/www.blmovil.com\\\/testing-factory\\\/\",\"name\":\"Testing Factory\",\"description\":\"\",\"publisher\":{\"@id\":\"https:\\\/\\\/www.blmovil.com\\\/testing-factory\\\/#organization\"},\"potentialAction\":[{\"@type\":\"SearchAction\",\"target\":{\"@type\":\"EntryPoint\",\"urlTemplate\":\"https:\\\/\\\/www.blmovil.com\\\/testing-factory\\\/?s={search_term_string}\"},\"query-input\":{\"@type\":\"PropertyValueSpecification\",\"valueRequired\":true,\"valueName\":\"search_term_string\"}}],\"inLanguage\":\"es\"},{\"@type\":\"Organization\",\"@id\":\"https:\\\/\\\/www.blmovil.com\\\/testing-factory\\\/#organization\",\"name\":\"BLMovil\",\"url\":\"https:\\\/\\\/www.blmovil.com\\\/testing-factory\\\/\",\"logo\":{\"@type\":\"ImageObject\",\"inLanguage\":\"es\",\"@id\":\"https:\\\/\\\/www.blmovil.com\\\/testing-factory\\\/#\\\/schema\\\/logo\\\/image\\\/\",\"url\":\"https:\\\/\\\/www.blmovil.com\\\/testing-factory\\\/wp-content\\\/uploads\\\/sites\\\/25\\\/2023\\\/12\\\/cropped-cropped-logoBLM-6.png\",\"contentUrl\":\"https:\\\/\\\/www.blmovil.com\\\/testing-factory\\\/wp-content\\\/uploads\\\/sites\\\/25\\\/2023\\\/12\\\/cropped-cropped-logoBLM-6.png\",\"width\":120,\"height\":81,\"caption\":\"BLMovil\"},\"image\":{\"@id\":\"https:\\\/\\\/www.blmovil.com\\\/testing-factory\\\/#\\\/schema\\\/logo\\\/image\\\/\"}}]}<\/script>\n<!-- \/ Yoast SEO plugin. -->","yoast_head_json":{"title":"Testing Factory - Testing Factory","robots":{"index":"index","follow":"follow","max-snippet":"max-snippet:-1","max-image-preview":"max-image-preview:large","max-video-preview":"max-video-preview:-1"},"canonical":"https:\/\/www.blmovil.com\/testing-factory\/","og_locale":"es_MX","og_type":"article","og_title":"Testing Factory - Testing Factory","og_description":"Testing Factory Nuestra Testing Factory ofrece servicios de calidad l\u00edderes en la industria para garantizar que sus aplicaciones y sistemas funcionen sin problemas, reduciendo los errores y optimizando el rendimiento. Aseguramos la calidad de su software &nbsp;Con nuestra Testing Factory, puede estar seguro de que su aplicaci\u00f3n o sistema funcionar\u00e1 de manera confiable y cumplir\u00e1 [&hellip;]","og_url":"https:\/\/www.blmovil.com\/testing-factory\/","og_site_name":"Testing Factory","article_modified_time":"2024-02-27T17:43:29+00:00","og_image":[{"url":"https:\/\/www.blmovil.com\/testing-factory\/wp-content\/uploads\/sites\/25\/2024\/01\/Testing-Factory.png","type":"","width":"","height":""}],"twitter_card":"summary_large_image","twitter_misc":{"Tiempo de lectura":"3 minutos"},"schema":{"@context":"https:\/\/schema.org","@graph":[{"@type":"WebPage","@id":"https:\/\/www.blmovil.com\/testing-factory\/","url":"https:\/\/www.blmovil.com\/testing-factory\/","name":"Testing Factory - Testing Factory","isPartOf":{"@id":"https:\/\/www.blmovil.com\/testing-factory\/#website"},"primaryImageOfPage":{"@id":"https:\/\/www.blmovil.com\/testing-factory\/#primaryimage"},"image":{"@id":"https:\/\/www.blmovil.com\/testing-factory\/#primaryimage"},"thumbnailUrl":"https:\/\/www.blmovil.com\/testing-factory\/wp-content\/uploads\/sites\/25\/2024\/01\/Testing-Factory.png","datePublished":"2024-01-03T15:28:59+00:00","dateModified":"2024-02-27T17:43:29+00:00","breadcrumb":{"@id":"https:\/\/www.blmovil.com\/testing-factory\/#breadcrumb"},"inLanguage":"es","potentialAction":[{"@type":"ReadAction","target":["https:\/\/www.blmovil.com\/testing-factory\/"]}]},{"@type":"ImageObject","inLanguage":"es","@id":"https:\/\/www.blmovil.com\/testing-factory\/#primaryimage","url":"https:\/\/www.blmovil.com\/testing-factory\/wp-content\/uploads\/sites\/25\/2024\/01\/Testing-Factory.png","contentUrl":"https:\/\/www.blmovil.com\/testing-factory\/wp-content\/uploads\/sites\/25\/2024\/01\/Testing-Factory.png","width":1024,"height":1024,"caption":"Testing Factory"},{"@type":"BreadcrumbList","@id":"https:\/\/www.blmovil.com\/testing-factory\/#breadcrumb","itemListElement":[{"@type":"ListItem","position":1,"name":"Inicio","item":"https:\/\/www.blmovil.com\/testing-factory\/"},{"@type":"ListItem","position":2,"name":"Testing Factory"}]},{"@type":"WebSite","@id":"https:\/\/www.blmovil.com\/testing-factory\/#website","url":"https:\/\/www.blmovil.com\/testing-factory\/","name":"Testing Factory","description":"","publisher":{"@id":"https:\/\/www.blmovil.com\/testing-factory\/#organization"},"potentialAction":[{"@type":"SearchAction","target":{"@type":"EntryPoint","urlTemplate":"https:\/\/www.blmovil.com\/testing-factory\/?s={search_term_string}"},"query-input":{"@type":"PropertyValueSpecification","valueRequired":true,"valueName":"search_term_string"}}],"inLanguage":"es"},{"@type":"Organization","@id":"https:\/\/www.blmovil.com\/testing-factory\/#organization","name":"BLMovil","url":"https:\/\/www.blmovil.com\/testing-factory\/","logo":{"@type":"ImageObject","inLanguage":"es","@id":"https:\/\/www.blmovil.com\/testing-factory\/#\/schema\/logo\/image\/","url":"https:\/\/www.blmovil.com\/testing-factory\/wp-content\/uploads\/sites\/25\/2023\/12\/cropped-cropped-logoBLM-6.png","contentUrl":"https:\/\/www.blmovil.com\/testing-factory\/wp-content\/uploads\/sites\/25\/2023\/12\/cropped-cropped-logoBLM-6.png","width":120,"height":81,"caption":"BLMovil"},"image":{"@id":"https:\/\/www.blmovil.com\/testing-factory\/#\/schema\/logo\/image\/"}}]}},"featured_image_src":null,"featured_image_src_square":null,"uagb_featured_image_src":{"full":false,"thumbnail":false,"medium":false,"medium_large":false,"large":false,"course_archive_thumbnail":false,"course_single_thumbnail":false,"lesson_archive_thumbnail":false,"lesson_single_thumbnail":false,"1536x1536":false,"2048x2048":false,"gb-block-post-grid-landscape":false,"gb-block-post-grid-square":false,"woocommerce_thumbnail":false,"woocommerce_single":false,"woocommerce_gallery_thumbnail":false,"awb_sm":false,"awb_md":false,"awb_lg":false,"awb_xl":false},"uagb_author_info":{"display_name":"Jorge Bernal","author_link":"https:\/\/www.blmovil.com\/testing-factory\/author\/hovait\/"},"uagb_comment_info":0,"uagb_excerpt":"Testing Factory Nuestra Testing Factory ofrece servicios de calidad l\u00edderes en la industria para garantizar que sus aplicaciones y sistemas funcionen sin problemas, reduciendo los errores y optimizando el rendimiento. Aseguramos la calidad de su software &nbsp;Con nuestra Testing Factory, puede estar seguro de que su aplicaci\u00f3n o sistema funcionar\u00e1 de manera confiable y cumplir\u00e1&hellip;","_links":{"self":[{"href":"https:\/\/www.blmovil.com\/testing-factory\/wp-json\/wp\/v2\/pages\/41","targetHints":{"allow":["GET"]}}],"collection":[{"href":"https:\/\/www.blmovil.com\/testing-factory\/wp-json\/wp\/v2\/pages"}],"about":[{"href":"https:\/\/www.blmovil.com\/testing-factory\/wp-json\/wp\/v2\/types\/page"}],"author":[{"embeddable":true,"href":"https:\/\/www.blmovil.com\/testing-factory\/wp-json\/wp\/v2\/users\/1"}],"replies":[{"embeddable":true,"href":"https:\/\/www.blmovil.com\/testing-factory\/wp-json\/wp\/v2\/comments?post=41"}],"version-history":[{"count":5,"href":"https:\/\/www.blmovil.com\/testing-factory\/wp-json\/wp\/v2\/pages\/41\/revisions"}],"predecessor-version":[{"id":70,"href":"https:\/\/www.blmovil.com\/testing-factory\/wp-json\/wp\/v2\/pages\/41\/revisions\/70"}],"wp:attachment":[{"href":"https:\/\/www.blmovil.com\/testing-factory\/wp-json\/wp\/v2\/media?parent=41"}],"curies":[{"name":"wp","href":"https:\/\/api.w.org\/{rel}","templated":true}]}}